160
In base 8, what is -4 + 45644046?
45644042
In base 11, what is -763723 - 27?
-76374a
In base 6, what is -315 - -43513320?
43513001
In base 2, what is -1000101001 - 110101111010?
-111110100011
In base 7, what is -214 - -11511331?
11511114
In base 10, what is -246640 - -1162?
-245478
In base 2, what is 1010110110100101 + -100110?
1010110101111111
In base 13, what is 11706 - -c3b?
12644
In base 10, what is -11524801 + -2?
-11524803
In base 9, what is 587344 + -122?
587222
In base 9, what is 5 + 8563588?
8563604
In base 3, what is 10012101 + 1200200212?
1210220020
In base 15, what is 11 - -125b88?
125b99
In base 14, what is 3cd14cd + -2c?
3cd14a1
In base 5, what is 0 + 2134230400?
2134230400
In base 16, what is -40a5a - -19?
-40a41
In base 14, what is 5 - -14d449?
14d450
In base 5, what is 201023222 + 12044?
201040321
In base 2, what is 1100001001010001000001001 - -11?
1100001001010001000001100
In base 2, what is 1000 + 1001110011011110110110?
1001110011011110111110
In base 2, what is 1100000110010101 - -10011001001?
1100011001011110
In base 16, what is 1c - 25e63?
-25e47
In base 2, what is -10010010111011010111100 - 101000?
-10010010111011011100100
In base 8, what is 656775 - -26?
657023
In base 8, what is -3 + -1426505116?
-1426505121
In base 14, what is 951 - 19117?
-185a6
In base 10, what is -4727 + 15037?
10310
In base 7, what is -1230006 - 151?
-1230160
In base 16, what is -d4 - -1fad8?
1fa04
In base 9, what is 4175562 - -4?
4175566
In base 9, what is 4 - 113615012?
-113615007
In base 14, what is -22726 + 129?
-225db
In base 3, what is 220 + 112020211121201?
112020211122121
In base 12, what is 5 + -6247032?
-6247029
In base 15, what is -3b7192 + 62?
-3b7130
In base 15, what is -2c3 - 7c681?
-7c954
In base 14, what is 4b20 - -2774?
7494
In base 6, what is 4514 + 40053?
45011
In base 8, what is -11 - 6202307?
-6202320
In base 2, what is -1000100011 - 1011011100010000?
-1011100100110011
In base 13, what is 77c5158 + -c?
77c5149
In base 16, what is 1 + -1446986?
-1446985
In base 12, what is 19 + -75577?
-7555a
In base 7, what is 4646 - -2230?
10206
In base 6, what is -105205530 - 522?
-105210452
In base 13, what is 2 + 2157c3?
2157c5
In base 3, what is -101 - -10012011120012?
10012011112211
In base 8, what is 1 + -10221577?
-10221576
In base 15, what is 13 + -4509?
-44e6
In base 5, what is 123 + -44313240?
-44313112
In base 13, what is -45659cc - 3?
-4565a02
In base 7, what is 132 - 131433222?
-131433060
In base 9, what is 6762622 - -3?
6762625
In base 13, what is 14 + 452941?
452955
In base 9, what is -4564515 + 20?
-4564485
In base 5, what is -421104 + 44331?
-321223
In base 14, what is -254d6633 - 2?
-254d6635
In base 6, what is -144251 - 103201?
-251452
In base 11, what is -7499573 - 21?
-7499594
In base 16, what is -11324 - -a9?
-1127b
In base 13, what is 4960 - 7b4?
4179
In base 4, what is -1300322030220233 - 11?
-1300322030220310
In base 10, what is -4 - -1209015?
1209011
In base 6, what is 4 + 5433121?
5433125
In base 4, what is 211120313121 - 1?
211120313120
In base 7, what is 56534 + 4133?
64000
In base 5, what is -2223224 - -3310?
-2214414
In base 3, what is -10 - -101020110122020201?
101020110122020121
In base 13, what is 9 + 447acbb?
447acc7
In base 2, what is -100001111001 + 10100000010111?
1111110011110
In base 5, what is -110 - 24003242313?
-24003242423
In base 11, what is -648a0 + 3?
-64898
In base 4, what is -11 + -10213032012121?
-10213032012132
In base 8, what is -50 + -7716033?
-7716103
In base 8, what is 106123 + 7354?
115477
In base 2, what is -11 - -111110100011101010101011?
111110100011101010101000
In base 8, what is -46361 - -10163?
-36176
In base 15, what is -7b3e57 - -10?
-7b3e47
In base 10, what is 50343024 + 1?
50343025
In base 15, what is 35e9 - e97?
2652
In base 12, what is 2b667 - 2243?
29424
In base 10, what is -46653 - 3315?
-49968
In base 16, what is -2bfa47 - 7?
-2bfa4e
In base 9, what is -4273466 - -104?
-4273362
In base 5, what is -3040131 - -100030?
-2440101
In base 2, what is -10101000111111011000 - 11111001?
-10101001000011010001
In base 16, what is -96d112e - 2?
-96d1130
In base 14, what is 8d81 + -6b07?
2278
In base 10, what is 5 + 75312882?
75312887
In base 15, what is -2c0e435 + -4?
-2c0e439
In base 11, what is -3a818676 + -1?
-3a818677
In base 12, what is 6068b01 + 49?
6068b4a
In base 3, what is -112102200020012 + 12?
-112102200020000
In base 15, what is d + -30449e?
-304491
In base 15, what is -1227ddd + 1?
-1227ddc
In base 10, what is -376 - 26712?
-27088
In base 14, what is -155 - -5d5b?
5c06
In base 6, what is 5 + -113340144?
-113340135
In base 13, what is -2c01576 - 4?
-2c0157a
In base 15, what is 87322 + 12?
87334
In base 9, what is -2048171 - 13?
-2048184
In base 15, what is 975 - -4b5c?
55d2
In base 6, what is 311 - -12422334?
12423045
In base 2, what is 1111111000010111010000 - 101?
1111111000010111001011
In base 8, what is 444172 + 131?
444323
In base 2, what is 11110111 - -10100011001111110011?
10100011010011101010
In base 12, what is 5 - 37807837?
-37807832
In base 4, what is 31003223 - 12030?
30331133
In base 2, what is -111000 - -1001000111000?
1001000000000
In base 8, what is -524375 + -452?
-525047
In base 15, what is 3 + -8a99dd?
-8a99da
In base 6, what is 152530 - 5540?
142550
In base 8, what is 27756 + -3766?
23770
In base 14, what is -40d4 + -abb?
-4bb1
In base 10, what is 49845 + 2104?
51949
In base 16, what is 4d + -6c47f?
-6c432
In base 11, what is 3769 - 778?
2aa1
In base 9, what is 4878515 - 415?
4878100
In base 10, what is -50563514 + 0?
-50563514
In base 2, what is 101001000000001001 + 111100?
101001000001000101
In base 6, what is 10400 + 34540?
45340
In base 5, what is -2300 - 414423313?
-414431113
In base 8, what is 21 - -2171270?
2171311
In base 2, what is -100000011101100101101101 - -10?
-100000011101100101101011
In base 13, what is -1896923 + 1?
-1896922
In base 13, what is -261 - -3503a?
34aa9
In base 14, what is -4cc7b88 + -4?
-4cc7b8c
In base 2, what is -11001101010000101 - -100101011?
-11001100101011010
In base 16, what is 190df0 - d?
190de3
In base 15, what is -58 + 1be362?
1be309
In base 2, what is 10010000110 - 11010001100101110110?
-11010001010011110000
In base 12, what is 323 + 952a23?
953146
In base 4, what is -120120303003 + -13?
-120120303022
In base 10, what is -19206 + 334?
-18872
In base 13, what is -c + -a13b49?
-a13b58
In base 6, what is 1251453 + 1342?
1253235
In base 2, what is -1011 + 10011100101011111011110001?
10011100101011111011100110
In base 6, what is 2 + -24345350?
-24345344
In base 13, what is 18a5453 - -4?
18a5457
In base 16, what is -57 + -221dc?
-22233
In base 5, what is -1442 + -21243?
-23240
In base 15, what is -251b - 55?
-2571
In base 11, what is -13649715 + 1?
-13649714
In base 13, what is -b800 + -259?
-ba59
In base 10, what is 4 + 928875?
928879
In base 8, what is -12747 + 153135?
140166
In base 7, what is -5 + -664231322?
-664231330
In base 2, what is 1111010110101000 + 100111111000011?
10100010101101011
In base 11, what is 4048047 - -4?
4048050
In base 4, what is -12103202223 + -12?
-12103202301
In base 2, what is 101 + -100100111011100111011101?
-100100111011100111011000
In base 6, what is -2131 - 453053?
-455224
In base 11, what is 6582 - 937?
5746
In base 9, what is -523 - -621034?
620411
In base 7, what is -162145112 - 34?
-162145146
In base 9, what is -812 + 342617?
341705
In base 13, what is 2 + -1699524?
-1699522
In base 5, what is -11341230 - -113?
-11341112
In base 6, what is 55 + 2304455?
2304554
In base 13, what is 11 - -490255?
490266
In base 6, what is -1 + 2131013444?
2131013443
In base 7, what is -122 + -4224662?
-4225114
In base 15, what is 3 + 12300a6?
12300a9
In base 13, what is 2025 + -122b?
ac7
In base 16, what is -29b + 905f?
8dc4
In base 3, what is -10212 - 10002100112?
-10002111101
In base 10, what is 0 - 980925?
-980925
In base 11, what is -4a2 - 18743?
-19135
In base 6, what is -13 + 211201022?
211201005
In base 13, what is 34 - 7312b?
-730c7
In base 12, what is -127 - 97590?
-976b7
In base 14, what is a0a612 + 9?
a0a61b
In base 12, what is -18187 - -76?
-18111
In base 6, what is 211 - -2350?
3001
In base 2, what is -1011110110010000011 + -111100110?
-1011110111001101001
In base 3, what is -1222